3
Calculate the remainder when 1544 is divided by 577.
390
What is the remainder when 1281 is divided by 353?
222
What is the remainder when 53 is divided by 14?
11
Calculate the remainder when 248 is divided by 116.
16
What is the remainder when 1200 is divided by 134?
128
Calculate the remainder when 2547 is divided by 2530.
17
What is the remainder when 277 is divided by 9?
7
What is the remainder when 27124 is divided by 399?
391
What is the remainder when 274 is divided by 46?
44
Calculate the remainder when 3267 is divided by 109.
106
Calculate the remainder when 59 is divided by 30.
29
Calculate the remainder when 42 is divided by 21.
0
Calculate the remainder when 513 is divided by 85.
3
What is the remainder when 1644 is divided by 238?
216
Calculate the remainder when 514 is divided by 104.
98
What is the remainder when 409 is divided by 52?
45
What is the remainder when 1005 is divided by 123?
21
What is the remainder when 1828 is divided by 5?
3
What is the remainder when 68 is divided by 42?
26
Calculate the remainder when 357 is divided by 60.
57
What is the remainder when 253 is divided by 43?
38
What is the remainder when 232 is divided by 30?
22
Calculate the remainder when 212 is divided by 187.
25
Calculate the remainder when 706 is divided by 89.
83
Calculate the remainder when 149 is divided by 61.
27
What is the remainder when 119 is divided by 102?
17
Calculate the remainder when 73 is divided by 69.
4
Calculate the remainder when 33 is divided by 5.
3
Calculate the remainder when 807 is divided by 28.
23
What is the remainder when 347 is divided by 14?
11
What is the remainder when 195 is divided by 37?
10
Calculate the remainder when 1357 is divided by 170.
167
What is the remainder when 9798 is divided by 28?
26
Calculate the remainder when 1646 is divided by 87.
80
What is the remainder when 283 is divided by 70?
3
What is the remainder when 21 is divided by 12?
9
Calculate the remainder when 479 is divided by 84.
59
What is the remainder when 130 is divided by 20?
10
What is the remainder when 2032 is divided by 29?
2
Calculate the remainder when 499 is divided by 4.
3
Calculate the remainder when 450 is divided by 444.
6
What is the remainder when 419 is divided by 209?
1
What is the remainder when 544 is divided by 4?
0
What is the remainder when 200 is divided by 6?
2
What is the remainder when 48437 is divided by 13?
12
What is the remainder when 134 is divided by 68?
66
What is the remainder when 526 is divided by 48?
46
Calculate the remainder when 2250 is divided by 249.
9
What is the remainder when 1024 is divided by 20?
4
Calculate the remainder when 346 is divided by 49.
3
Calculate the remainder when 2894 is divided by 25.
19
Calculate the remainder when 592 is divided by 83.
11
What is the remainder when 6466 is divided by 381?
370
Calculate the remainder when 114 is divided by 27.
6
Calculate the remainder when 188 is divided by 39.
32
What is the remainder when 529 is divided by 76?
73
Calculate the remainder when 55460 is divided by 133.
132
Calculate the remainder when 28 is divided by 17.
11
What is the remainder when 4839 is divided by 220?
219
What is the remainder when 150 is divided by 14?
10
What is the remainder when 1222 is divided by 333?
223
Calculate the remainder when 265 is divided by 40.
25
Calculate the remainder when 697 is divided by 61.
26
What is the remainder when 191 is divided by 48?
47
What is the remainder when 3182 is divided by 789?
26
Calculate the remainder when 250 is divided by 192.
58
Calculate the remainder when 244 is divided by 8.
4
Calculate the remainder when 60 is divided by 37.
23
Calculate the remainder when 3232 is divided by 11.
9
What is the remainder when 1183 is divided by 17?
10
What is the remainder when 687 is divided by 119?
92
Calculate the remainder when 277 is divided by 70.
67
Calculate the remainder when 94 is divided by 48.
46
Calculate the remainder when 2254 is divided by 48.
46
What is the remainder when 87324 is divided by 313?
310
What is the remainder when 161 is divided by 87?
74
What is the remainder when 3428 is divided by 88?
84
What is the remainder when 6011 is divided by 128?
123
What is the remainder when 106 is divided by 17?
4
Calculate the remainder when 972 is divided by 287.
111
Calculate the remainder when 567 is divided by 119.
91
What is the remainder when 5675 is divided by 23?
17
Calculate the remainder when 4857 is divided by 45.
42
What is the remainder when 186 is divided by 15?
6
What is the remainder when 944 is divided by 88?
64
What is the remainder when 8945 is divided by 10?
5
What is the remainder when 308 is divided by 19?
4
Calculate the remainder when 221 is divided by 37.
36
What is the remainder when 10867 is divided by 13?
12
Calculate the remainder when 682 is divided by 20.
2
Calculate the remainder when 34 is divided by 25.
9
What is the remainder when 2711 is divided by 676?
7
What is the remainder when 611 is divided by 583?
28
Calculate the remainder when 681 is divided by 71.
42
Calculate the remainder when 361 is divided by 52.
49
What is the remainder when 294 is divided by 109?
76
Calculate the remainder when 57 is divided by 15.
12
What is the remainder when 388 is divided by 86?
44
What is the remainder when 42 is divided by 11?
9
Calculate the remainder when 18051 is divided by 115.
111
What is the remainder when 1478 is divided by 490?
8
Calculate the remainder when 209 is divided by 72.
65
What is the remainder when 75 is divided by 16?
11
What is the remainder when 291 is divided by 96?
3
What is the remainder when 474 is divided by 191?
92
Calculate the remainder when 4268 is divided by 70.
68
What is the remainder when 1426 is divided by 14?
12
What is the remainder when 754 is divided by 14?
12
What is the remainder when 57 is divided by 13?
5
What is the remainder when 939 is divided by 10?
9
What is the remainder when 340 is divided by 83?
8
Calculate the remainder when 20008 is divided by 23.
21
Calculate the remainder when 28 is divided by 5.
3
Calculate the remainder when 151 is divided by 26.
21
What is the remainder when 158 is divided by 53?
52
What is the remainder when 201 is divided by 53?
42
What is the remainder when 247 is divided by 27?
4
Calculate the remainder when 34 is divided by 28.
6
What is the remainder when 2035 is divided by 58?
5
Calculate the remainder when 348 is divided by 14.
12
Calculate the remainder when 716 is divided by 241.
234
What is the remainder when 56 is divided by 38?
18
Calculate the remainder when 4808 is divided by 254.
236
Calculate the remainder when 176 is divided by 26.
20
Calculate the remainder when 46 is divided by 10.
6
Calculate the remainder when 363 is divided by 171.
21
Calculate the remainder when 165 is divided by 31.
10
What is the remainder when 1521 is divided by 2?
1
Calculate the remainder when 269 is divided by 263.
6
What is the remainder when 111 is divided by 25?
11
What is the remainder when 10669 is divided by 184?
181
What is the remainder when 29 is divided by 6?
5
What is the remainder when 130 is divided by 22?
20
Calculate the remainder when 318 is divided by 5.
3
What is the remainder when 599 is divided by 60?
59
Calculate the remainder when 1131 is divided by 85.
26
What is the remainder when 39 is divided by 14?
11
Calculate the remainder when 66 is divided by 24.
18
What is the remainder when 156 is divided by 34?
20
What is the remainder when 343 is divided by 115?
113
What is the remainder when 161 is divided by 43?
32
What is the remainder when 115 is divided by 48?
19
Calculate the remainder when 226 is divided by 23.
19
What is the remainder when 109 is divided by 47?
15
What is the remainder when 3739 is divided by 85?
84
What is the remainder when 466 is divided by 455?
11
Calculate the remainder when 316 is divided by 173.
143
Calculate the remainder when 61 is divided by 40.
21
Calculate the remainder when 228 is divided by 29.
25
Calculate the remainder when 167 is divided by 49.
20
Calculate the remainder when 231 is divided by 17.
10
What is the remainder when 184 is divided by 52?
28
What is the remainder when 8583 is divided by 29?
28
Calculate the remainder when 19 is divided by 8.
3
What i